What is the highest common factor of 6 and k?
6
Let h be (-564)/(-15) + 2/5. Suppose 5*u - 9 = -89. Let l = h + u. Calculate the highest common factor of 11 and l.
11
Suppose -4*o = 5*w - 34, 5*o - 4*w = w + 20. Let q be 1/((-3)/o) - -19. What is the highest common divisor of 153 and q?
17
Let x(y) = 3*y**2 + 9*y - 15. Let p be x(-6). What is the highest common factor of 39 and p?
39
Suppose 36 = -2*m - m. Let d(y) = -3*y**2 + 2*y - 3. Let q be d(5). Let h = m - q. What is the highest common divisor of h and 14?
14
Suppose 0 = -2*d - 2*d + 12. What is the greatest common factor of d and 24?
3
Let u(z) = z - 5. Let o be u(5). Let y be (-3 + o - -1)*-151. Suppose 2*i - f - y = -4*f, 158 = i - 2*f. What is the greatest common divisor of i and 14?
14
Let s = 4 - 7. Let a = 41 + -11. Let g be a - (-1 + s/(-3)). What is the greatest common factor of 20 and g?
10
Let b(y) = 6*y + 15. Let p be b(-7). Let s be (-58)/(-3) + 36/p. What is the greatest common divisor of s and 6?
6
Let u = 60 + -35. What is the highest common factor of u and 10?
5
Let j be (3/(-2))/(1/(-10)). Let q(a) = -5*a + 1. Let c be q(-1). Calculate the greatest common factor of c and j.
3
Let n(c) = -c**3 + 13*c**2 + 2*c. Let x be n(12). What is the greatest common factor of x and 24?
24
Let o(a) = 319*a**2 + 3*a - 2. Let h be o(1). What is the highest common factor of 32 and h?
32
Suppose -4*r - 592 = -2*o - 0*r, -3*r - 12 = 0. Suppose -4*b - 720 = -5*t - 5*b, -o = -2*t + 3*b. Calculate the greatest common divisor of 16 and t.
16
Let r be (-2 - 98/(-4)) + 4/(-8). What is the highest common factor of r and 110?
22
Let m(s) = -12*s**3. Let n be m(1). Let q be 1/2 + (-390)/n. Calculate the highest common factor of q and 11.
11
Let l be 2 - (-3 - (-9)/3). Let u be l/(1 + (-5)/6). What is the highest common factor of 96 and u?
12
Suppose 5*y = -5*d - 0*y + 395, 4*d = 5*y + 334. Calculate the highest common divisor of 54 and d.
27
Let z be 1 + (-24)/15 - (-126)/10. What is the greatest common divisor of z and 108?
12
Let l(r) = r**3 + 2. Let c be l(0). Suppose -4*s + c = 6. Let v be (19 - s) + -3 + 4. Calculate the highest common factor of v and 7.
7
Let k = 2 + -1. Suppose 2*q = q + 10. Let z = q - k. Calculate the greatest common factor of 63 and z.
9
Let w(k) = 2 + 2 - 2 + 3*k - k**2. Let b be w(2). Let a = -8 + 12. What is the greatest common factor of a and b?
4
Let m = 38 - 4. Let j = -19 + m. Calculate the highest common divisor of 3 and j.
3
Let j = 61 + -48. What is the greatest common factor of j and 13?
13
Let c = 49 + -36. What is the greatest common divisor of c and 13?
13
Suppose 3*r - 121 - 5 = 0. Suppose 4*u - 1 = -y, -6*u + y - 10 = -u. Let b be 124/2 - (u - 0). Calculate the greatest common divisor of r and b.
21
Suppose l = -n + 7, -l + 0*l + 2*n + 4 = 0. Let p be 5 - (-1 + 5 + -2). Calculate the greatest common divisor of l and p.
3
Let p(i) = 15*i**3 + 2*i**2 - i. Let a be p(1). Let m(b) = 3*b**2 - 20*b - 15. Let f be m(9). What is the highest common factor of f and a?
16
Let g be (2/(-6))/((-1)/(-9)). Let p be (0 - g - 12)*-17. Let t = 21 - 4. What is the highest common divisor of t and p?
17
Suppose 0*c - 5*c = -155. Calculate the highest common factor of 279 and c.
31
Let q(r) = 2*r - 6. Let x be q(10). Suppose 210 = 4*c + c. What is the greatest common divisor of x and c?
14
Let x(y) be the first derivative of -y**2 + 7*y + 5. Let a be x(0). Calculate the highest common divisor of a and 14.
7
Suppose -6*f + 79 = 19. Calculate the highest common divisor of f and 10.
10
Let l(q) = q - 1. Let p be l(7). Suppose i - 2*d = 1, 6 = i - 6*i - d. Let s be 2*i/2 - -43. Calculate the highest common factor of s and p.
6
Let p be -6*9/12*-2. Suppose 0 = -5*x - 20, 0*b - 16 = -2*b + 4*x. Suppose b = -0*n + n - p. Calculate the greatest common divisor of 9 and n.
9
Let f be 12 + (-7)/(14/4). Calculate the highest common factor of 90 and f.
10
Suppose -3*l + c = -393, -5*l = -3*l + c - 267. What is the greatest common divisor of 12 and l?
12
Let x = 4 + -7. Suppose -168 = -5*s - s. Let h be s/(5 + x - 0). Calculate the highest common factor of h and 56.
14
Suppose 175 = 5*s - 5. Calculate the highest common factor of 54 and s.
18
Let o(r) = -r**2 + 30*r - 61. Let b be o(25). Calculate the highest common factor of b and 96.
32
Let m be (-4)/6 - 40/(-15). Suppose m*i = 6*i - 60. Calculate the highest common divisor of i and 6.
3
Let q = 30 - 64. Let i be (q/(-6))/((-6)/(-18)). Calculate the greatest common divisor of 187 and i.
17
Suppose 3*y = 6, -l + 3*y - 8*y = -14. Let m = 12 - 45. Let h = m + 65. Calculate the greatest common factor of h and l.
4
Let j(y) be the third derivative of -y**4/24 + 2*y**3 - 3*y**2. Let p be j(11). Calculate the greatest common divisor of 11 and p.
1
Let j(t) be the first derivative of t**2 + 5. Let r be j(3). Calculate the highest common divisor of 24 and r.
6
Suppose 3*f - 30 = -2*f. Let q = 19 - f. Let r = 92 + -79. What is the highest common divisor of q and r?
13
Suppose 2*p + 3*q - 566 = 0, -5*p + 1400 + 24 = 3*q. Suppose -3*i + 93 = -5*v, 5*i + 2*v + 0*v = 124. Calculate the highest common factor of p and i.
26
Suppose 0 = 3*m + 3*q - 93, -4*q - 136 = -4*m - 2*q. Calculate the highest common factor of m and 11.
11
Suppose c - 3*v - 2 = 5, 3*c + 2*v = 65. What is the highest common divisor of 57 and c?
19
Let l(s) = s**3 - 4*s**2 + 7. Let b be l(5). Let a be b/6 + 3/(-9). What is the highest common divisor of 25 and a?
5
Let q = 18 - -30. Calculate the greatest common divisor of 12 and q.
12
Suppose 10 - 70 = -2*u + 3*j, -3*j = 2*u - 60. Let x = 12 - 29. Let r = -7 - x. What is the greatest common factor of r and u?
10
Suppose 0 = -2*o + 73 - 9. Calculate the greatest common divisor of 4 and o.
4
Let r(w) = w**3 + 7*w**2. Let n be r(-7). Suppose 415 = -n*j - j. Let x be (-4)/18 + j/(-45). Calculate the greatest common factor of x and 72.
9
Let k be (-2157)/(-2) - (-12)/(-8). Let v be 3/15 - k/(-15). What is the greatest common factor of 9 and v?
9
Suppose 0 = 3*i + 4*y - 363, 0 = 2*i + 3*i + 4*y - 597. Let u be (2977/39)/((-2)/(-6)). Let k = u - i. Calculate the greatest common factor of k and 14.
14
Suppose -4*x + 1042 = -302. Calculate the greatest common factor of 42 and x.
42
Suppose 4 - 17 = -2*l + 3*v, 2*l - 2*v - 18 = 0. Suppose h - 14 = l. Calculate the greatest common divisor of h and 308.
28
Let u = 287 - 167. Let q be 27/(-6)*(-16)/3. Calculate the highest common divisor of u and q.
24
Suppose 0 = 4*w + f - 9 - 16, -4*f = -4*w + 20. Calculate the highest common factor of 9 and w.
3
Suppose 547 + 59 = 4*c + 5*w, 0 = -c - 3*w + 148. Suppose -5 = -2*p + 23. Calculate the highest common factor of p and c.
14
Let h be 3 - ((-72)/15)/(1/20). Calculate the highest common factor of 9 and h.
9
Let v = 62 + -24. What is the greatest common factor of v and 266?
38
Let s = 80 - 8. Let i(w) = -w**2 - 9*w - 2. Let z be i(-4). Calculate the highest common factor of s and z.
18
Let u(l) = -l**3 + 9*l**2 - 5*l - 4. Let g be u(8). Calculate the greatest common divisor of g and 4.
4
Suppose 4*b + 43 = 187. Suppose -3*h - 2*k = -4*k - 17, 0 = 2*h + 4*k - 38. Calculate the greatest common factor of h and b.
9
Let f = -36 - -75. Let z = 66 - f. Calculate the highest common divisor of 135 and z.
27
Let w(s) = s. Let v be w(12). Calculate the greatest common divisor of v and 36.
12
Suppose 0 = -3*z - 0*z + 99. Suppose n = -3*c + 7*c + z, 0 = -4*c - n - 23. Let y = 14 + c. What is the highest common factor of 77 and y?
7
Let i be (-3)/2*4*-44. Suppose 4*j - 285 + 61 = -4*t, -5*j + i = t. Suppose -j - 8 = -2*k. Calculate the greatest common divisor of k and 10.
10
Suppose -5*c + 40 = 3*v, 68 = 4*v - 2*c + 5*c. Calculate the highest common divisor of 50 and v.
10
Suppose 8*m - 1755 = 3*m. What is the greatest common divisor of 39 and m?
39
Let m = 3 - 1. Suppose -2 + 6 = 2*s, m*o + 2 = 4*s. Calculate the highest common factor of 27 and o.
3
Suppose 0 = -2*y - y + 345. Suppose -565 = -5*c - y. What is the highest common factor of c and 10?
10
Let d(q) = 9*q**2 - 2*q + 1. Let g be d(-3). What is the highest common factor of 8 and g?
8
Let v be (1 + 3)*1/2. Let m = -3 + 6. Suppose -90 = m*a - 8*a. Calculate the highest common divisor of a and v.
2
Suppose 1